) = -2*r - 32. Let u(p) = j*a(p) + 11*l(p). Let z be u(-12). Let k(b) = -3*b - 4. Calculate k(z).
8
Suppose 5*t + 7*k = 10*k + 44, 0 = 5*k + 15. Let n(f) = -f**2 + 7*f + 2. Give n(t).
2
Let m(y) be the second derivative of y**4/12 + 5*y**3/6 + 5*y**2/2 + 7*y - 4. Give m(-4).
1
Suppose -30*r + 77 + 13 = 0. Let a(u) = u**2 - u - 1. Determine a(r).
5
Let x(i) = i - 925*i**2 + i + 924*i**2. Let l be 2/(1 - (-2)/(-6)). Suppose -5*h + 8 = -l*h. Calculate x(h).
-8
Let y(h) = h**2 - 8*h + 2. Suppose 4*r = -s + 115, -2*r + 4*s = s - 75. Let g = r - 23. Give y(g).
-5
Let m(u) = -u**2 + 3*u + 1. Let i(v) be the second derivative of -v**3/6 + v**2/2 + 15*v. Let z(p) = -2*i(p) - m(p). Calculate z(0).
-3
Let u(n) = n**2 - 169*n - 696. Let t be u(-4). Let l(y) be the first derivative of -y**4/4 - 5*y**3/3 - 7*y**2/2 - 5*y + 2. Determine l(t).
7
Let u(x) = 6*x + 8*x**2 + 2*x**3 + 2*x**2 - 3*x**3 + 6*x - 1 + 0. Determine u(11).
10
Let l(j) = 13*j**3 + 23*j**2 + j - 34. Let c(v) = -7*v**3 - 12*v**2 + 18. Let b(r) = -11*c(r) - 6*l(r). Determine b(-5).
11
Let h(f) be the second derivative of f**5/60 + f**4/4 - f**3/6 - 9*f**2/2 - 18*f. Let b(z) be the first derivative of h(z). Give b(-3).
-10
Let g(l) be the second derivative of 3*l**3/2 - 22*l**2 + 5*l. Let d be g(4). Let j(h) = -h - 7. What is j(d)?
1
Let g(w) = w**3 - 4*w**2 + 2*w - 4. Let c(d) = d**3 - 4*d**2 + d - 5. Let r(v) = -3*c(v) + 4*g(v). Determine r(4).
19
Let q(x) = -3*x**2 + 16*x + 23. Let c(g) = -g**2 + 7*g + 11. Let a(n) = 5*c(n) - 2*q(n). Determine a(-6).
27
Suppose 8*q + 6 = n + 10*q, q = 5*n - 41. Let z(g) = 14 - n - 10 - 2*g. What is z(-5)?
6
Let n(a) = a**3 + 10*a**2 + 12*a + 29. Let c be n(-9). Let w be 2/(-5) - 24/(-10). Let m(d) = 3*d**2 + 4*d + 2 - 3*d**c + d**w. Give m(-5).
7
Let a(r) = r + 2*r**3 - 3*r**3 - 20788 + 20785 + 3*r**2. Determine a(2).
3
Let z(h) be the third derivative of -h**6/144 + h**5/40 + h**4/6 - 5*h**2. Let g(r) be the second derivative of z(r). What is g(4)?
-17
Let v be 10/4 - 4/8. Let n(d) = d**2 + 3*d - v - 7 - 8*d. Let k(b) = 3*b**2 + 5*b + 5. Let g be k(-2). Determine n(g).
5
Let z(l) = -2*l + 1. Suppose -12 = -4*w - 4*f, 2*w + 0*f - f = 6. What is z(w)?
-5
Let t(r) = r**3 + 6*r**2 - 7*r + 2. Let n be t(-7). Suppose 0 = 2*a, 0 = -5*s + n*a - 4*a + 10. Let h(w) = w**3 - 3*w**2 + 2*w + 2. Give h(s).
2
Let k(n) = n - 25 - 2*n + n**2 + 25. Let g(i) = -i**3 - 5*i**2 - 9*i - 1. Let y(a) = g(a) - 2*k(a). Give y(-6).
5
Let g(c) = -c**2 - 2*c + 6. Suppose 3*o = 2*k + 6, 0 = 3*k - 4*o + 12 - 4. Determine g(k).
6
Let j(f) = -3*f + 56*f**2 + 7 - 32*f**2 + f**3 - 28*f**2. Let l(a) = 2*a**3 - 8*a**2 - 7*a + 13. Let w(z) = 5*j(z) - 3*l(z). Give w(5).
1
Let z(p) be the third derivative of -7*p**6/120 + p**5/60 + p**4/12 + p**3/6 - 96*p**2. Give z(-1).
7
Let n(k) = k + 1. Let v(a) = -6*a + 26. Let i(s) = n(s) - v(s). Let z(o) = 11*o - 38. Let c(r) = 8*i(r) - 5*z(r). Determine c(11).
1
Let l(h) be the second derivative of -h**5/10 - 13*h**4/6 + h**3/3 + 12*h**2 - 802*h. Calculate l(-13).
-2
Let n be 186/27 - ((-16)/36)/4. Let p(j) = -j + 4. Determine p(n).
-3
Let d(m) be the first derivative of 2/3*m**3 + m + 7/2*m**2 - 30. What is d(-5)?
16
Let p(g) = -2*g**2 + 2*g - 8. Let i be p(4). Let w = -39 - i. Let s(y) = y**2 + 5*y - 7. Calculate s(w).
7
Let f(w) = w**2 - 2*w - 4. Suppose 3*t = -3*t. Suppose z + 3*z + 5*b - 41 = t, 5*z - 2*b = 10. What is f(z)?
4
Let b = 43 - 25. Suppose b = 2*r + r. Let v(w) = -w - 1. Determine v(r).
-7
Let y = 42 - 39. Let i(d) = 2*d**2 + 2*d**y - 8*d**2 + 8*d - 12*d - 3*d**3. Determine i(-5).
-5
Let q(y) = y**3 - 7*y**2 + 8*y - 6. Let g(i) = -i**2 - 24*i + 55. Let a be g(-26). Suppose -a*s + 7 = -11. Determine q(s).
6
Let w(l) = 0*l - 2*l + 3*l**2 + 3 + 6*l. Suppose s - 51 = -2*g - 43, -20 = 5*s - 2*g. What is w(s)?
7
Let a(i) be the third derivative of -i**4/12 + 2*i**3 + i**2 + 40. What is a(-10)?
32
Let d(h) = h - 17. Suppose 0 = -l + 5*o + 18, -16 = -2*l - 3*o + 7. Determine d(l).
-4
Let s(z) = -z**3 + 4*z**2 + z + 4. Let o(u) = 9*u**2 + 70*u - 11. Let j be o(-8). Calculate s(j).
-16
Suppose -4*j + 6 = -2*g - j, 0 = 5*g - 4*j + 22. Let v(c) = 0 + 0*c + 1 + 2 + c. Determine v(g).
-3
Let n(h) = h**3 - 10*h**2 - 9*h - 19. Let r be n(11). Suppose 0 = 5*t - 5, -2*k + r*t = -k + 3. Let v(l) = 0*l**2 + l**2 + 7 + 2*l**3 - 3*l**3. Determine v(k).
7
Let s(v) be the second derivative of v**6/120 - v**5/15 - v**4/12 - 5*v**3/6 + 6*v**2 - v. Let m(n) be the first derivative of s(n). Calculate m(5).
10
Let t(z) = -10*z**3 + 11*z**2 + 7*z + 1. Let x(d) = 6*d**3 - 6*d**2 - 4*d. Let n(u) = 4*t(u) + 7*x(u). Give n(0).
4
Let i(z) = 2*z**2 - 6*z**2 + 7*z**2 - 2*z**2 + 5*z. What is i(-5)?
0
Suppose 372 = 6*d + 408. Let k(n) = -n**2 - 4*n + 1. What is k(d)?
-11
Let j(q) = 8*q + 9*q**2 + 0 + q**3 + 5 - 3. Give j(-8).
2
Let r(c) = 3*c + 2. Let l(y) = -6*y - 5. Let b(o) = -3*l(o) - 5*r(o). Let k(i) = -i**2 - 10*i - 15. Let p be k(-5). Suppose 0*w - 40 = -p*w. Give b(w).
17
Let k(v) be the third derivative of -v**6/120 + v**5/30 + 5*v**4/24 - 5*v**3/6 + 894*v**2. Give k(4).
-17
Let w(v) be the second derivative of v**8/672 - v**7/2520 - v**6/720 - v**5/120 - 7*v**4/3 + 21*v. Let l(z) be the third derivative of w(z). Give l(-1).
-11
Let b(t) be the third derivative of -t**6/120 + t**5/60 + t**4/24 - 2*t**3/3 - 24*t**2 + 2. Give b(0).
-4
Let j(n) = n - 1. Let t = -26 - -25. Let i(a) = -3*a. Let d(q) = t*i(q) - 4*j(q). Give d(-4).
8
Let i(w) = 3*w - 14. Let d(a) = a - 3. Let h(m) = m - 2. Let p(o) = -5*d(o) + 4*h(o). Let v(u) = 2*i(u) + 5*p(u). What is v(-7)?
0
Let s(d) = 3*d**2 - 3*d - 2. Let p be s(-1). Suppose p*a = 9*a. Let v(n) = 3 + 21*n - 2 - 20*n. What is v(a)?
1
Let c(p) = -p + 288*p**3 - 103*p**3 - 108*p**3 - 104*p**3 + 2. Determine c(1).
-26
Suppose 0 = -2*n - 2*n + 3*z + 65, -2*n - 5*z + 65 = 0. Suppose -6*y = -y - n. Let j be -4*-1*1/y. Let i(f) = -9*f + 1. What is i(j)?
-8
Let q(b) = -12*b - 24 - 5 + 7 + 14*b. Determine q(12).
2
Suppose i + 19 = 3. Let a be 34/(-9) + i/72. Let p(x) = -x**3 - 4*x**2 + 3*x - 5. Determine p(a).
-17
Let h(z) be the first derivative of 2*z + z**3 - 1/2*z**2 + 2 - 1/2*z**4. Let p = 1684 - 1682. Determine h(p).
-4
Let v(s) = 1 - 2 + 10 + 3 - 3*s. Let k be v(6). Let w(m) = -8 - 4*m - m - 2*m - m**2. What is w(k)?
-2
Let f(a) = 3*a**2 + 4*a + 2. Suppose t = -5*c + 8, 3*t = 14*c - 9*c - 16. Determine f(t).
6
Let s(d) = -4*d**2 + d - 1. Suppose 4*i - 139 = 5*x, -x + 3*x + 54 = 2*i. Let g = 32 + x. What is s(g)?
-4
Suppose 0 = 25*b - 23*b + 142. Let y = 74 + b. Let i(f) = -f**2 + 6*f + 1. Calculate i(y).
10
Let a(v) = -4*v**3 + v**2 + 2*v. Let m(b) = -3*b**3 + 2*b. Let h(u) = 2*a(u) - 3*m(u). Calculate h(-4).
-24
Let j = 121 + -113. Let a(q) = q**2 - 9*q + 3. Give a(j).
-5
Let k(l) = -3*l**2 + 1. Let b(m) = 3*m**2 + 8*m + 28. Let x(g) = 2*g**2 + 4*g + 14. Let c(a) = 3*b(a) - 5*x(a). Let v be c(6). Give k(v).
-11
Suppose -3*s - 3*l + 57 = 0, 2*s + l - 18 = 4*l. Suppose 0 = -12*u + 17*u - s. Let d(v) = -2*v + 3. Calculate d(u).
-3
Let y(n) = -21 - n**3 + 7 + 3 - 6*n + 6*n**2 + 12 + 9. What is y(7)?
-81
Let u(r) = -r + 1. Suppose -y = 2*j - 5*j + 1, j + 5*y + 5 = 0. Suppose 5*h - 31 = -k, j*h - 5*h - 2*k + 32 = 0. What is u(h)?
-5
Let h(k) = k**3 + 23*k**2 + 23*k + 24. Suppose -2*a = 6*a + 176. Let p be h(a). Let v(z) = -z + 2. Calculate v(p).
0
Let w(x) = x**2 - 11*x - 2. Let a be 10 + -9 - (-3 - 2). What is w(a)?
-32
Let r(a) = -a**2 + 8*a - 12. Let c = 579 + -572. What is r(c)?
-5
Suppose -6 = t + 5*l - 10*l, 2*l - 57 = 3*t. Let q = t - -23. Let v(y) = 0 - 1 + 0*y**3 - y + 3 - 2*y**3 + 3*y**q. What is v(2)?
-4
Let q(o) = o**3 - o**2 - 2. Suppose -27*a - 36 = -45*a. Determine q(a).
2
Let k(y) = y**3 + y**2 - 4*y + 3. Let l = 145 - 143. Let g be k(l). Let j(t) = -3*t + 6. What is j(g)?
-15
Let c = 165 - 168. Let d(w) = 2*w**3 + 2*w**2 + w + 1. Give d(c).
-38
Let t = -2 - -5. Suppose -4*x - 4 = 0, -3*p + 2*x + 90 = 19. Let s(v) = -23 - v + p + v**2. Give s(t).
6
Let x(f) be the second derivative of 0 - 12*f + 2*f**2 + 1/6*f**3 - 1/6*f**4. What is x(3)?
-11
Suppose 139*l - 2*a - 10 = 141*l, -a = -4*l. Let t(w) = 41*w**2 - 1. Determine t(l).
40
Let k be (2/(-8))/(13/(-260)). Let i(d) = -k + 4 - 2 + 2*d - d**3 + 2*d**2. Calculate i(3).
-6
